{"id":205,"date":"2013-12-17T17:12:37","date_gmt":"2013-12-17T17:12:37","guid":{"rendered":"http:\/\/blogs.iesoretania.es\/biblioteca\/?page_id=205"},"modified":"2015-03-15T19:45:10","modified_gmt":"2015-03-15T19:45:10","slug":"taller-de-lengua-de-signos","status":"publish","type":"page","link":"https:\/\/blogs.iesoretania.es\/biblioteca\/taller-de-lengua-de-signos\/","title":{"rendered":"TALLER  DE LENGUA DE SIGNOS"},"content":{"rendered":"<div class=\"fcbkbttn_buttons_block\" id=\"fcbkbttn_left\"><div class=\"fcbkbttn_button\">\n                            <a href=\"https:\/\/www.facebook.com\/\" target=\"_blank\">\n                                <img src=\"https:\/\/blogs.iesoretania.es\/biblioteca\/wp-content\/plugins\/social-buttons-pack\/facebook-button-plugin\/images\/standard-facebook-ico.png\" alt=\"Fb-Button\" \/>\n                            <\/a>\n                        <\/div><div class=\"fcbkbttn_like \"><fb:like href=\"https:\/\/blogs.iesoretania.es\/biblioteca\/taller-de-lengua-de-signos\/\" action=\"like\" colorscheme=\"light\" layout=\"standard\" show-faces='false' width=\"450px\" size=\"small\"><\/fb:like><\/div><\/div><div class=\"pntrst_main_before_after\"><div class=\"pntrst-button-wrap\">\r\n\t\t\t\t\t\t\t<a data-pin-do=\"buttonBookmark\" data-pin-custom=\"\" href=\"https:\/\/www.pinterest.com\/pin\/create\/button\/\"><img data-pin-nopin=\"1\" class=\"pntrst-custom-pin\" src=\"https:\/\/blogs.iesoretania.es\/biblioteca\/wp-content\/plugins\/social-buttons-pack\/bws-pinterest\/images\/pin.png\" width=\"60\"><\/a>\r\n\t\t\t\t\t\t<\/div><\/div><div class=\"twttr_buttons\"><div class=\"twttr_twitter\">\n\t\t\t\t\t<a href=\"http:\/\/twitter.com\/share?text=TALLER++DE+LENGUA+DE+SIGNOS\" class=\"twitter-share-button\" data-via=\"\" data-hashtags=\"\"  data-size=\"default\" data-url=\"https:\/\/blogs.iesoretania.es\/biblioteca\/taller-de-lengua-de-signos\/\"  data-related=\"\" target=\"_blank\">Tweet<\/a>\n\t\t\t\t<\/div><\/div><p style=\"text-align: center\">EL ALUMNADO DE 2\u00ba DE AUDIOLOG\u00cdA PROT\u00c9SICA\u00a0 DE NUESTRO CENTRO Y SU PROFESORA VER\u00d3NICA MARTOS MART\u00cdNEZ HAN QUERIDO COMPARTIR CON TODOS\/AS\u00a0 NOSOTROS\/AS\u00a0 ESTE\u00a0 INTERESANTE TRABAJO QUE HAN LLEVADO A CABO. UN TRABAJO DOBLEMENTE VALIOSO POR SU CALIDAD Y LA OPORTUNIDAD QUE NOS BRINDA DE SENSIBILIZARNOS Y\u00a0 ACERCARNOS A LA REALIDAD DE LAS PERSONAS SORDAS.<\/p>\n<p style=\"text-align: center\">A TODOS\/AS ,\u00a0 \u00a1MUCHAS GRACIAS Y ENHORABUENA!<\/p>\n<p>&nbsp;<\/p>\n<p>&nbsp;<\/p>\n<p align=\"center\"><strong>ALFABETO DACTILOL\u00d3GICO<\/strong><\/p>\n<p><span style=\"font-family: Times New Roman\"><span style=\"font-family: Times New Roman\"><br \/>\n<\/span><\/span><\/p>\n<p><span style=\"font-family: Calibri\">Las personas sordas tienen m\u00e1s dificultad para comunicarse en lengua oral, debido a sus problemas de audici\u00f3n;\u00a0sin embargo,\u00a0aprenden\u00a0 f\u00e1cilmente a comunicarse mediante gestos que captan con la vista. La lengua de signos es, por tanto, la lengua natural de las personas sordas. Tambi\u00e9n muchos oyentes aprenden esta lengua por diversos motivos, porque tienen familiares o amigos sordos, porque en su profesi\u00f3n trabajan con personas sordas o, simplemente, porque les gusta o les interesa conocer un idioma m\u00e1s.<\/span><\/p>\n<p><span style=\"font-family: Times New Roman\"><span style=\"font-family: Times New Roman\">\u00a0<\/span><\/span><\/p>\n<p><span style=\"font-family: Calibri\">El alfabeto dactilol\u00f3gico es el alfabeto de los sordos. Es la representaci\u00f3n manual de cada una de las letras que componen el alfabeto castellano. Existen 29 posiciones, algunas con sus variantes de movimiento de los dedos o de la mano. Cada letra se ejecuta en el aire, normalmente a la altura de la barbilla, utilizando la mano dominante (izquierda para los zurdos y derecha para los diestros).<\/span><\/p>\n<p><span style=\"font-family: Times New Roman\"><span style=\"font-family: Times New Roman\">\u00a0<\/span><\/span><\/p>\n<p><span style=\"font-family: Calibri\">A trav\u00e9s de la dactilolog\u00eda, un oyente puede deletrear a la persona sorda cualquier palabra que desee comunicar, aunque no conozca la lengua de signos. En la comunidad sorda, el deletreo manual se utiliza en combinaci\u00f3n con la lengua de signos para nombres propios, direcciones y palabras poco usuales o de nueva creaci\u00f3n (neologismos).<\/span><\/p>\n<p><span style=\"font-family: Times New Roman\"><span style=\"font-family: Times New Roman\">\u00a0<\/span><\/span><\/p>\n<p><span style=\"font-family: Calibri\">Los alumnos de 2\u00ba de Audiolog\u00eda prot\u00e9sica estudian los sistemas de comunicaci\u00f3n que utilizan las personas sordas y, en concreto, la lengua de signos y la dactilolog\u00eda. En el taller de lengua de signos han elaborado un alfabeto dactilol\u00f3gico con sus propias manos, que es el que se muestra a continuaci\u00f3n.<\/span><\/p>\n<p style=\"text-align: center\"><a href=\"http:\/\/blogs.iesoretania.es\/biblioteca\/files\/2013\/12\/Alfabeto-manual.jpg\"><img loading=\"lazy\" class=\"aligncenter size-full wp-image-334\" src=\"http:\/\/blogs.iesoretania.es\/biblioteca\/files\/2013\/12\/Alfabeto-manual.jpg\" alt=\"Alfabeto manual\" width=\"826\" height=\"1169\" srcset=\"https:\/\/blogs.iesoretania.es\/biblioteca\/files\/2013\/12\/Alfabeto-manual.jpg 826w, https:\/\/blogs.iesoretania.es\/biblioteca\/files\/2013\/12\/Alfabeto-manual-211x300.jpg 211w, https:\/\/blogs.iesoretania.es\/biblioteca\/files\/2013\/12\/Alfabeto-manual-723x1024.jpg 723w\" sizes=\"(max-width: 826px) 100vw, 826px\" \/><\/a>Aqu\u00ed\u00a0 ten\u00e9is tambi\u00e9n el\u00a0 PDF:<\/p>\n<p style=\"text-align: center\"><a href=\"http:\/\/blogs.iesoretania.es\/biblioteca\/files\/2013\/12\/Alfabeto-manual.pdf\">Alfabeto manual<\/a><\/p>\n<h3 style=\"text-align: center\"><\/h3>\n<div dir=\"ltr\" style=\"text-align: center\"><\/div>\n<div dir=\"ltr\" style=\"text-align: center\">\n<p>\u00a0FELICITACI\u00d3N NAVIDE\u00d1A DEL \u00a0CURSO 2013-14<\/p>\n<p><iframe loading=\"lazy\" width=\"584\" height=\"329\" src=\"https:\/\/www.youtube.com\/embed\/fL7zThhe5XU?feature=oembed\" frameborder=\"0\" allowfullscreen><\/iframe><\/p>\n<p>&nbsp;<\/p>\n<p><strong>\u00a1Gracias por compartir vuestro trabajo!<\/strong><\/p>\n<ul>\n<li>Alfabeto dactilol\u00f3gico: <a href=\"https:\/\/www.youtube.com\/watch?feature=player_detailpage&amp;v=qBKOyTWQ4lE\">https:\/\/www.youtube.com\/watch?feature=player_detailpage&amp;v=qBKOyTWQ4lE<\/a><\/li>\n<li>D\u00edas de la semana: <a href=\"https:\/\/www.youtube.com\/watch?feature=player_detailpage&amp;v=nvbrrLcXkL0\">https:\/\/www.youtube.com\/watch?feature=player_detailpage&amp;v=nvbrrLcXkL0<\/a><\/li>\n<li>Meses del a\u00f1o: <a href=\"https:\/\/www.youtube.com\/watch?feature=player_detailpage&amp;v=fENTaC7hsXk\">https:\/\/www.youtube.com\/watch?feature=player_detailpage&amp;v=fENTaC7hsXk<\/a><\/li>\n<li>N\u00fameros: <a href=\"https:\/\/www.youtube.com\/watch?feature=player_detailpage&amp;v=ap3JcmLC2zU\">https:\/\/www.youtube.com\/watch?feature=player_detailpage&amp;v=ap3JcmLC2zU<\/a><\/li>\n<li>Fechas: <a href=\"https:\/\/www.youtube.com\/watch?feature=player_detailpage&amp;v=JIsLqYBTswQ\">https:\/\/www.youtube.com\/watch?feature=player_detailpage&amp;v=JIsLqYBTswQ<\/a><\/li>\n<li>Tiempo I: <a href=\"https:\/\/www.youtube.com\/watch?feature=player_detailpage&amp;v=mLde9RPpYsc\">https:\/\/www.youtube.com\/watch?feature=player_detailpage&amp;v=mLde9RPpYsc<\/a><\/li>\n<li>Tiempo II: <a href=\"https:\/\/www.youtube.com\/watch?feature=player_detailpage&amp;v=0ga3RZhfUH4\">https:\/\/www.youtube.com\/watch?feature=player_detailpage&amp;v=0ga3RZhfUH4<\/a><\/li>\n<li>Meteorolog\u00eda: <a href=\"https:\/\/www.youtube.com\/watch?feature=player_detailpage&amp;v=Wc1LNPvC6S0\">https:\/\/www.youtube.com\/watch?feature=player_detailpage&amp;v=Wc1LNPvC6S0<\/a><\/li>\n<li>Saludos: <a href=\"https:\/\/www.youtube.com\/watch?feature=player_detailpage&amp;v=TmAx2Ob5iVk\">https:\/\/www.youtube.com\/watch?feature=player_detailpage&amp;v=TmAx2Ob5iVk<\/a><\/li>\n<li>La familia I: <a href=\"https:\/\/www.youtube.com\/watch?feature=player_detailpage&amp;v=OHQYOMjSnpM\">https:\/\/www.youtube.com\/watch?feature=player_detailpage&amp;v=OHQYOMjSnpM<\/a><\/li>\n<li>La familia II: <a href=\"https:\/\/www.youtube.com\/watch?feature=player_detailpage&amp;v=b5ht05xkQ-4\">https:\/\/www.youtube.com\/watch?feature=player_detailpage&amp;v=b5ht05xkQ-4<\/a><\/li>\n<\/ul>\n<\/div>\n<div dir=\"ltr\" style=\"text-align: center\"><\/div>\n<div dir=\"ltr\" style=\"text-align: center\"><\/div>\n<div dir=\"ltr\" style=\"text-align: center\">&#8212;&#8212;&#8212;&#8212;&#8212;&#8212;&#8212;&#8212;&#8212;&#8212;&#8212;&#8212;&#8212;&#8212;&#8212;&#8212;&#8212;&#8212;&#8212;&#8212;&#8212;&#8212;&#8212;&#8212;&#8212;&#8212;&#8212;&#8212;&#8212;&#8212;&#8212;&#8212;&#8212;&#8212;&#8212;<\/div>\n<div dir=\"ltr\" style=\"text-align: center\"><\/div>\n<div dir=\"ltr\" style=\"text-align: center\"><strong>CURSO 14-15\u00a0<\/strong><\/div>\n<div dir=\"ltr\" style=\"text-align: center\"><\/div>\n<div dir=\"ltr\" style=\"text-align: center\">\u00a0<strong>\u00a0VILLANCICO \u00abEN NAVIDAD\u00bb<\/strong><\/div>\n<div dir=\"ltr\" style=\"text-align: center\"><strong>\u00a0<\/strong><\/div>\n<div dir=\"ltr\" style=\"text-align: center\"><\/div>\n<div dir=\"ltr\" style=\"text-align: center\">\n<p><iframe loading=\"lazy\" width=\"584\" height=\"329\" src=\"https:\/\/www.youtube.com\/embed\/dLl1SOJbxeU?feature=oembed\" frameborder=\"0\" allowfullscreen><\/iframe><\/p>\n<p>El alumnado de 2\u00ba de Audiolog\u00eda prot\u00e9sica nos ha regalado este a\u00f1o otra preciosa felicitaci\u00f3n navide\u00f1a para entrar con buen pie en el 2015.<\/p>\n<p>\u00a1Muchas gracias a todos\/as!<\/p>\n<p>&nbsp;<\/p>\n<p>&nbsp;<\/p>\n<p>&nbsp;<\/p>\n<p>&nbsp;<\/p>\n<\/div>\n<div class=\"pntrst_main_before_after\"><\/div>","protected":false},"excerpt":{"rendered":"<p>EL ALUMNADO DE 2\u00ba DE AUDIOLOG\u00cdA PROT\u00c9SICA\u00a0 DE NUESTRO CENTRO Y SU PROFESORA VER\u00d3NICA MARTOS MART\u00cdNEZ HAN QUERIDO COMPARTIR CON TODOS\/AS\u00a0 NOSOTROS\/AS\u00a0 ESTE\u00a0 INTERESANTE TRABAJO QUE HAN LLEVADO A CABO. UN TRABAJO DOBLEMENTE VALIOSO POR SU CALIDAD Y LA OPORTUNIDAD &hellip; <a href=\"https:\/\/blogs.iesoretania.es\/biblioteca\/taller-de-lengua-de-signos\/\">Sigue leyendo <span class=\"meta-nav\">&rarr;<\/span><\/a><\/p>\n","protected":false},"author":5,"featured_media":0,"parent":0,"menu_order":0,"comment_status":"closed","ping_status":"closed","template":"","meta":[],"_links":{"self":[{"href":"https:\/\/blogs.iesoretania.es\/biblioteca\/wp-json\/wp\/v2\/pages\/205"}],"collection":[{"href":"https:\/\/blogs.iesoretania.es\/biblioteca\/wp-json\/wp\/v2\/pages"}],"about":[{"href":"https:\/\/blogs.iesoretania.es\/biblioteca\/wp-json\/wp\/v2\/types\/page"}],"author":[{"embeddable":true,"href":"https:\/\/blogs.iesoretania.es\/biblioteca\/wp-json\/wp\/v2\/users\/5"}],"replies":[{"embeddable":true,"href":"https:\/\/blogs.iesoretania.es\/biblioteca\/wp-json\/wp\/v2\/comments?post=205"}],"version-history":[{"count":28,"href":"https:\/\/blogs.iesoretania.es\/biblioteca\/wp-json\/wp\/v2\/pages\/205\/revisions"}],"predecessor-version":[{"id":557,"href":"https:\/\/blogs.iesoretania.es\/biblioteca\/wp-json\/wp\/v2\/pages\/205\/revisions\/557"}],"wp:attachment":[{"href":"https:\/\/blogs.iesoretania.es\/biblioteca\/wp-json\/wp\/v2\/media?parent=205"}],"curies":[{"name":"wp","href":"https:\/\/api.w.org\/{rel}","templated":true}]}}

<div class="fcbkbttn_buttons_block" id="fcbkbttn_left"><div class="fcbkbttn_button">
                            <a href="https://www.facebook.com/" target="_blank">
                                <img src="https://blogs.iesoretania.es/biblioteca/wp-content/plugins/social-buttons-pack/facebook-button-plugin/images/standard-facebook-ico.png" alt="Fb-Button" />
                            </a>
                        </div><div class="fcbkbttn_like "><fb:like href="https://blogs.iesoretania.es/biblioteca/taller-de-lengua-de-signos/" action="like" colorscheme="light" layout="standard" show-faces='false' width="450px" size="small"></fb:like></div></div><div class="pntrst_main_before_after"><div class="pntrst-button-wrap">
							<a data-pin-do="buttonBookmark" data-pin-custom="" href="https://www.pinterest.com/pin/create/button/"><img data-pin-nopin="1" class="pntrst-custom-pin" src="https://blogs.iesoretania.es/biblioteca/wp-content/plugins/social-buttons-pack/bws-pinterest/images/pin.png" width="60"></a>
						</div></div><div class="twttr_buttons"><div class="twttr_twitter">
					<a href="http://twitter.com/share?text=TALLER++DE+LENGUA+DE+SIGNOS" class="twitter-share-button" data-via="" data-hashtags=""  data-size="default" data-url="https://blogs.iesoretania.es/biblioteca/taller-de-lengua-de-signos/"  data-related="" target="_blank">Tweet</a>
				</div></div><p style="text-align: center">EL ALUMNADO DE 2º DE AUDIOLOGÍA PROTÉSICA  DE NUESTRO CENTRO Y SU PROFESORA VERÓNICA MARTOS MARTÍNEZ HAN QUERIDO COMPARTIR CON TODOS/AS  NOSOTROS/AS  ESTE  INTERESANTE TRABAJO QUE HAN LLEVADO A CABO. UN TRABAJO DOBLEMENTE VALIOSO POR SU CALIDAD Y LA OPORTUNIDAD QUE NOS BRINDA DE SENSIBILIZARNOS Y  ACERCARNOS A LA REALIDAD DE LAS PERSONAS SORDAS.</p>
<p style="text-align: center">A TODOS/AS ,  ¡MUCHAS GRACIAS Y ENHORABUENA!</p>
<p>&nbsp;</p>
<p>&nbsp;</p>
<p align="center"><strong>ALFABETO DACTILOLÓGICO</strong></p>
<p><span style="font-family: Times New Roman"><span style="font-family: Times New Roman"><br />
</span></span></p>
<p><span style="font-family: Calibri">Las personas sordas tienen más dificultad para comunicarse en lengua oral, debido a sus problemas de audición; sin embargo, aprenden  fácilmente a comunicarse mediante gestos que captan con la vista. La lengua de signos es, por tanto, la lengua natural de las personas sordas. También muchos oyentes aprenden esta lengua por diversos motivos, porque tienen familiares o amigos sordos, porque en su profesión trabajan con personas sordas o, simplemente, porque les gusta o les interesa conocer un idioma más.</span></p>
<p><span style="font-family: Times New Roman"><span style="font-family: Times New Roman"> </span></span></p>
<p><span style="font-family: Calibri">El alfabeto dactilológico es el alfabeto de los sordos. Es la representación manual de cada una de las letras que componen el alfabeto castellano. Existen 29 posiciones, algunas con sus variantes de movimiento de los dedos o de la mano. Cada letra se ejecuta en el aire, normalmente a la altura de la barbilla, utilizando la mano dominante (izquierda para los zurdos y derecha para los diestros).</span></p>
<p><span style="font-family: Times New Roman"><span style="font-family: Times New Roman"> </span></span></p>
<p><span style="font-family: Calibri">A través de la dactilología, un oyente puede deletrear a la persona sorda cualquier palabra que desee comunicar, aunque no conozca la lengua de signos. En la comunidad sorda, el deletreo manual se utiliza en combinación con la lengua de signos para nombres propios, direcciones y palabras poco usuales o de nueva creación (neologismos).</span></p>
<p><span style="font-family: Times New Roman"><span style="font-family: Times New Roman"> </span></span></p>
<p><span style="font-family: Calibri">Los alumnos de 2º de Audiología protésica estudian los sistemas de comunicación que utilizan las personas sordas y, en concreto, la lengua de signos y la dactilología. En el taller de lengua de signos han elaborado un alfabeto dactilológico con sus propias manos, que es el que se muestra a continuación.</span></p>
<p style="text-align: center"><a href="http://blogs.iesoretania.es/biblioteca/files/2013/12/Alfabeto-manual.jpg"><img loading="lazy" class="aligncenter size-full wp-image-334" src="http://blogs.iesoretania.es/biblioteca/files/2013/12/Alfabeto-manual.jpg" alt="Alfabeto manual" width="826" height="1169" srcset="https://blogs.iesoretania.es/biblioteca/files/2013/12/Alfabeto-manual.jpg 826w, https://blogs.iesoretania.es/biblioteca/files/2013/12/Alfabeto-manual-211x300.jpg 211w, https://blogs.iesoretania.es/biblioteca/files/2013/12/Alfabeto-manual-723x1024.jpg 723w" sizes="(max-width: 826px) 100vw, 826px" /></a>Aquí  tenéis también el  PDF:</p>
<p style="text-align: center"><a href="http://blogs.iesoretania.es/biblioteca/files/2013/12/Alfabeto-manual.pdf">Alfabeto manual</a></p>
<h3 style="text-align: center"></h3>
<div dir="ltr" style="text-align: center"></div>
<div dir="ltr" style="text-align: center">
<p> FELICITACIÓN NAVIDEÑA DEL  CURSO 2013-14</p>
<p><iframe loading="lazy" width="584" height="329" src="https://www.youtube.com/embed/fL7zThhe5XU?feature=oembed" frameborder="0" allowfullscreen></iframe></p>
<p>&nbsp;</p>
<p><strong>¡Gracias por compartir vuestro trabajo!</strong></p>
<ul>
<li>Alfabeto dactilológico: <a href="https://www.youtube.com/watch?feature=player_detailpage&amp;v=qBKOyTWQ4lE">https://www.youtube.com/watch?feature=player_detailpage&amp;v=qBKOyTWQ4lE</a></li>
<li>Días de la semana: <a href="https://www.youtube.com/watch?feature=player_detailpage&amp;v=nvbrrLcXkL0">https://www.youtube.com/watch?feature=player_detailpage&amp;v=nvbrrLcXkL0</a></li>
<li>Meses del año: <a href="https://www.youtube.com/watch?feature=player_detailpage&amp;v=fENTaC7hsXk">https://www.youtube.com/watch?feature=player_detailpage&amp;v=fENTaC7hsXk</a></li>
<li>Números: <a href="https://www.youtube.com/watch?feature=player_detailpage&amp;v=ap3JcmLC2zU">https://www.youtube.com/watch?feature=player_detailpage&amp;v=ap3JcmLC2zU</a></li>
<li>Fechas: <a href="https://www.youtube.com/watch?feature=player_detailpage&amp;v=JIsLqYBTswQ">https://www.youtube.com/watch?feature=player_detailpage&amp;v=JIsLqYBTswQ</a></li>
<li>Tiempo I: <a href="https://www.youtube.com/watch?feature=player_detailpage&amp;v=mLde9RPpYsc">https://www.youtube.com/watch?feature=player_detailpage&amp;v=mLde9RPpYsc</a></li>
<li>Tiempo II: <a href="https://www.youtube.com/watch?feature=player_detailpage&amp;v=0ga3RZhfUH4">https://www.youtube.com/watch?feature=player_detailpage&amp;v=0ga3RZhfUH4</a></li>
<li>Meteorología: <a href="https://www.youtube.com/watch?feature=player_detailpage&amp;v=Wc1LNPvC6S0">https://www.youtube.com/watch?feature=player_detailpage&amp;v=Wc1LNPvC6S0</a></li>
<li>Saludos: <a href="https://www.youtube.com/watch?feature=player_detailpage&amp;v=TmAx2Ob5iVk">https://www.youtube.com/watch?feature=player_detailpage&amp;v=TmAx2Ob5iVk</a></li>
<li>La familia I: <a href="https://www.youtube.com/watch?feature=player_detailpage&amp;v=OHQYOMjSnpM">https://www.youtube.com/watch?feature=player_detailpage&amp;v=OHQYOMjSnpM</a></li>
<li>La familia II: <a href="https://www.youtube.com/watch?feature=player_detailpage&amp;v=b5ht05xkQ-4">https://www.youtube.com/watch?feature=player_detailpage&amp;v=b5ht05xkQ-4</a></li>
</ul>
</div>
<div dir="ltr" style="text-align: center"></div>
<div dir="ltr" style="text-align: center"></div>
<div dir="ltr" style="text-align: center">&#8212;&#8212;&#8212;&#8212;&#8212;&#8212;&#8212;&#8212;&#8212;&#8212;&#8212;&#8212;&#8212;&#8212;&#8212;&#8212;&#8212;&#8212;&#8212;&#8212;&#8212;&#8212;&#8212;&#8212;&#8212;&#8212;&#8212;&#8212;&#8212;&#8212;&#8212;&#8212;&#8212;&#8212;&#8212;</div>
<div dir="ltr" style="text-align: center"></div>
<div dir="ltr" style="text-align: center"><strong>CURSO 14-15 </strong></div>
<div dir="ltr" style="text-align: center"></div>
<div dir="ltr" style="text-align: center"> <strong> VILLANCICO «EN NAVIDAD»</strong></div>
<div dir="ltr" style="text-align: center"><strong> </strong></div>
<div dir="ltr" style="text-align: center"></div>
<div dir="ltr" style="text-align: center">
<p><iframe loading="lazy" width="584" height="329" src="https://www.youtube.com/embed/dLl1SOJbxeU?feature=oembed" frameborder="0" allowfullscreen></iframe></p>
<p>El alumnado de 2º de Audiología protésica nos ha regalado este año otra preciosa felicitación navideña para entrar con buen pie en el 2015.</p>
<p>¡Muchas gracias a todos/as!</p>
<p>&nbsp;</p>
<p>&nbsp;</p>
<p>&nbsp;</p>
<p>&nbsp;</p>
</div>
<div class="pntrst_main_before_after"></div>

<p>EL ALUMNADO DE 2º DE AUDIOLOGÍA PROTÉSICA  DE NUESTRO CENTRO Y SU PROFESORA VERÓNICA MARTOS MARTÍNEZ HAN QUERIDO COMPARTIR CON TODOS/AS  NOSOTROS/AS  ESTE  INTERESANTE TRABAJO QUE HAN LLEVADO A CABO. UN TRABAJO DOBLEMENTE VALIOSO POR SU CALIDAD Y LA OPORTUNIDAD &hellip; <a href="https://blogs.iesoretania.es/biblioteca/taller-de-lengua-de-signos/">Sigue leyendo <span class="meta-nav">&rarr;</span></a></p>
