{"id":82,"date":"2013-11-22T13:09:34","date_gmt":"2013-11-22T13:09:34","guid":{"rendered":"http:\/\/blogs.iesoretania.es\/biblioteca\/?page_id=82"},"modified":"2016-12-14T11:38:23","modified_gmt":"2016-12-14T11:38:23","slug":"la-biblioteca-del-oretania","status":"publish","type":"page","link":"https:\/\/blogs.iesoretania.es\/biblioteca\/la-biblioteca-del-oretania\/","title":{"rendered":"LA BIBLIOTECA DEL ORETANIA"},"content":{"rendered":"<div class=\"fcbkbttn_buttons_block\" id=\"fcbkbttn_left\"><div class=\"fcbkbttn_button\">\n                            <a href=\"https:\/\/www.facebook.com\/\" target=\"_blank\">\n                                <img src=\"https:\/\/blogs.iesoretania.es\/biblioteca\/wp-content\/plugins\/social-buttons-pack\/facebook-button-plugin\/images\/standard-facebook-ico.png\" alt=\"Fb-Button\" \/>\n                            <\/a>\n                        <\/div><div class=\"fcbkbttn_like \"><fb:like href=\"https:\/\/blogs.iesoretania.es\/biblioteca\/la-biblioteca-del-oretania\/\" action=\"like\" colorscheme=\"light\" layout=\"standard\" show-faces='false' width=\"450px\" size=\"small\"><\/fb:like><\/div><\/div><div class=\"pntrst_main_before_after\"><div class=\"pntrst-button-wrap\">\r\n\t\t\t\t\t\t\t<a data-pin-do=\"buttonBookmark\" data-pin-custom=\"\" href=\"https:\/\/www.pinterest.com\/pin\/create\/button\/\"><img data-pin-nopin=\"1\" class=\"pntrst-custom-pin\" src=\"https:\/\/blogs.iesoretania.es\/biblioteca\/wp-content\/plugins\/social-buttons-pack\/bws-pinterest\/images\/pin.png\" width=\"60\"><\/a>\r\n\t\t\t\t\t\t<\/div><\/div><div class=\"twttr_buttons\"><div class=\"twttr_twitter\">\n\t\t\t\t\t<a href=\"http:\/\/twitter.com\/share?text=LA+BIBLIOTECA+DEL+ORETANIA\" class=\"twitter-share-button\" data-via=\"\" data-hashtags=\"\"  data-size=\"default\" data-url=\"https:\/\/blogs.iesoretania.es\/biblioteca\/la-biblioteca-del-oretania\/\"  data-related=\"\" target=\"_blank\">Tweet<\/a>\n\t\t\t\t<\/div><\/div><p>&nbsp;<\/p>\n<div id=\"attachment_88\" style=\"width: 458px\" class=\"wp-caption aligncenter\"><a href=\"http:\/\/blogs.iesoretania.es\/biblioteca\/files\/2013\/11\/book-168824_640.jpg\"><img aria-describedby=\"caption-attachment-88\" loading=\"lazy\" class=\"wp-image-88 \" src=\"http:\/\/blogs.iesoretania.es\/biblioteca\/files\/2013\/11\/book-168824_640.jpg\" alt=\"book-168824_640\" width=\"448\" height=\"320\" srcset=\"https:\/\/blogs.iesoretania.es\/biblioteca\/files\/2013\/11\/book-168824_640.jpg 640w, https:\/\/blogs.iesoretania.es\/biblioteca\/files\/2013\/11\/book-168824_640-300x214.jpg 300w, https:\/\/blogs.iesoretania.es\/biblioteca\/files\/2013\/11\/book-168824_640-420x300.jpg 420w\" sizes=\"(max-width: 448px) 100vw, 448px\" \/><\/a><p id=\"caption-attachment-88\" class=\"wp-caption-text\">Fuente:http:\/\/pixabay.com\/es\/<\/p><\/div>\n<p style=\"text-align: center\">Nuestra biblioteca es un espacio donde leer, trabajar, pensar, volver a leer, volver a pensar. Es un espacio tranquilo en el que disfrutar del placer de la lectura.<\/p>\n<p style=\"text-align: center\"><strong><em>\u00a1TE ESPERAMOS!<\/em><\/strong><\/p>\n<p><!-- @page { margin: 2cm } P { margin-bottom: 0.21cm } --><\/p>\n<p align=\"CENTER\"><strong><span style=\"font-size: large\">NORMAS DE USO DE LA BIBLIOTECA<\/span><\/strong><\/p>\n<p><!-- @page { margin: 2cm } P { margin-bottom: 0.21cm } --><\/p>\n<ul>\n<li>\n<p align=\"JUSTIFY\"><span style=\"font-size: large\">La biblioteca es un lugar de estudio y de disfrute de la lectura. Por tanto, procuramos guardar silencio y no molestar a los dem\u00e1s.<\/span><\/p>\n<\/li>\n<\/ul>\n<p><!-- @page { margin: 2cm } P { margin-bottom: 0.21cm } --><\/p>\n<ul>\n<li>\n<p align=\"JUSTIFY\"><span style=\"font-size: large\">No se puede comer ni beber.<\/span><\/p>\n<\/li>\n<\/ul>\n<ul>\n<li>\n<p align=\"JUSTIFY\"><span style=\"font-size: large\">Cuando nos marchamos, dejamos las sillas bien colocadas.<\/span><\/p>\n<\/li>\n<\/ul>\n<ul>\n<li>\n<p align=\"JUSTIFY\"><span style=\"font-size: large\">Los alumnos no podr\u00e1n permanecer en ella en horas lectivas. S\u00ed podr\u00e1n hacerlo aquellos alumnos de niveles superiores a la ESO que tengan asignaturas sueltas.<\/span><\/p>\n<\/li>\n<\/ul>\n<p align=\"JUSTIFY\"><span style=\"font-size: large\">Pr\u00e9stamo de libros: El servicio de pr\u00e9stamo ser\u00e1 en el siguiente horario:<\/span><\/p>\n<ul>\n<ul>\n<li>\n<p align=\"JUSTIFY\"><span style=\"font-size: large\">\u00a0durante los recreos<\/span><\/p>\n<\/li>\n<\/ul>\n<\/ul>\n<p align=\"JUSTIFY\"><span style=\"font-size: large\"> Condiciones de pr\u00e9stamo:<\/span><\/p>\n<ul>\n<ul>\n<li>\n<p align=\"JUSTIFY\"><span style=\"font-size: large\">El libro (u otro material) podr\u00e1 tenerse durante 15 d\u00edas, al cabo de los cuales deber\u00e1 entregarse. Se podr\u00e1 renovar el periodo de pr\u00e9stamo si dicho libro no ha sido solicitado por otros alumnos.<\/span><\/p>\n<\/li>\n<li>\n<p align=\"JUSTIFY\"><span style=\"font-size: large\">No son objeto de pr\u00e9stamo los libros de consulta (enciclopedias, diccionarios&#8230;), aunque s\u00ed podr\u00e1n utilizarse dentro de la biblioteca o del aula).<\/span><\/p>\n<\/li>\n<\/ul>\n<\/ul>\n<div class=\"pntrst_main_before_after\"><\/div>","protected":false},"excerpt":{"rendered":"<p>&nbsp; Nuestra biblioteca es un espacio donde leer, trabajar, pensar, volver a leer, volver a pensar. Es un espacio tranquilo en el que disfrutar del placer de la lectura. \u00a1TE ESPERAMOS! NORMAS DE USO DE LA BIBLIOTECA La biblioteca es &hellip; <a href=\"https:\/\/blogs.iesoretania.es\/biblioteca\/la-biblioteca-del-oretania\/\">Sigue leyendo <span class=\"meta-nav\">&rarr;<\/span><\/a><\/p>\n","protected":false},"author":5,"featured_media":0,"parent":0,"menu_order":0,"comment_status":"closed","ping_status":"closed","template":"","meta":[],"_links":{"self":[{"href":"https:\/\/blogs.iesoretania.es\/biblioteca\/wp-json\/wp\/v2\/pages\/82"}],"collection":[{"href":"https:\/\/blogs.iesoretania.es\/biblioteca\/wp-json\/wp\/v2\/pages"}],"about":[{"href":"https:\/\/blogs.iesoretania.es\/biblioteca\/wp-json\/wp\/v2\/types\/page"}],"author":[{"embeddable":true,"href":"https:\/\/blogs.iesoretania.es\/biblioteca\/wp-json\/wp\/v2\/users\/5"}],"replies":[{"embeddable":true,"href":"https:\/\/blogs.iesoretania.es\/biblioteca\/wp-json\/wp\/v2\/comments?post=82"}],"version-history":[{"count":15,"href":"https:\/\/blogs.iesoretania.es\/biblioteca\/wp-json\/wp\/v2\/pages\/82\/revisions"}],"predecessor-version":[{"id":693,"href":"https:\/\/blogs.iesoretania.es\/biblioteca\/wp-json\/wp\/v2\/pages\/82\/revisions\/693"}],"wp:attachment":[{"href":"https:\/\/blogs.iesoretania.es\/biblioteca\/wp-json\/wp\/v2\/media?parent=82"}],"curies":[{"name":"wp","href":"https:\/\/api.w.org\/{rel}","templated":true}]}}