{"id":43,"date":"2015-06-15T21:23:11","date_gmt":"2015-06-15T21:23:11","guid":{"rendered":"http:\/\/blogs.iesoretania.es\/teclastv\/?page_id=43"},"modified":"2015-06-15T21:23:58","modified_gmt":"2015-06-15T21:23:58","slug":"comunicacion-a-la-administracion-educativa","status":"publish","type":"page","link":"https:\/\/blogs.iesoretania.es\/teclastv\/comunicacion-a-la-administracion-educativa\/","title":{"rendered":"Comunicaci\u00f3n a la Administraci\u00f3n Educativa"},"content":{"rendered":"<div class=\"fcbkbttn_buttons_block\" id=\"fcbkbttn_left\"><div class=\"fcbkbttn_button\">\n                            <a href=\"https:\/\/www.facebook.com\/TECLASTV\" target=\"_blank\">\n                                <img src=\"\" alt=\"Fb-Button\" \/>\n                            <\/a>\n                        <\/div><div class=\"fcbkbttn_like \"><fb:like href=\"https:\/\/blogs.iesoretania.es\/teclastv\/comunicacion-a-la-administracion-educativa\/\" action=\"like\" colorscheme=\"light\" layout=\"standard\" show-faces='false' width=\"450px\" size=\"small\"><\/fb:like><\/div><div class=\"fb-share-button  \" data-href=\"https:\/\/blogs.iesoretania.es\/teclastv\/comunicacion-a-la-administracion-educativa\/\" data-type=\"button_count\" data-size=\"small\"><\/div><\/div><div class=\"pntrst_main_before_after\"><div class=\"pntrst-button-wrap\">\r\n\t\t\t\t\t\t\t<a data-pin-do=\"buttonBookmark\" data-pin-custom=\"\" href=\"https:\/\/www.pinterest.com\/pin\/create\/button\/\"><img data-pin-nopin=\"1\" class=\"pntrst-custom-pin\" src=\"https:\/\/blogs.iesoretania.es\/teclastv\/wp-content\/plugins\/social-buttons-pack\/bws-pinterest\/images\/pin.png\" width=\"60\"><\/a>\r\n\t\t\t\t\t\t<\/div><\/div><div class=\"twttr_buttons\"><div class=\"twttr_twitter\">\n\t\t\t\t\t<a href=\"http:\/\/twitter.com\/share?text=Comunicaci%C3%B3n+a+la+Administraci%C3%B3n+Educativa\" class=\"twitter-share-button\" data-via=\"\" data-hashtags=\"\"  data-size=\"default\" data-url=\"https:\/\/blogs.iesoretania.es\/teclastv\/comunicacion-a-la-administracion-educativa\/\"  data-related=\"\" target=\"_blank\">Tweet<\/a>\n\t\t\t\t<\/div><\/div><p style=\"text-align: justify\"><img loading=\"lazy\" class=\" alignleft\" src=\"https:\/\/upload.wikimedia.org\/wikipedia\/commons\/thumb\/e\/ec\/Pdf_by_mimooh.svg\/816px-Pdf_by_mimooh.svg.png\" alt=\"pdf icon\" width=\"57\" height=\"61\" \/>Este es el documento que acredita la comunicaci\u00f3n a la Administraci\u00f3n Educativa pertinente, de la participaci\u00f3n de nuestro Centro en la convocatoria de los Premios Nacionales de Educaci\u00f3n &#8211; convocatoria 2015:<\/p>\n<p style=\"text-align: justify\"><a href=\"http:\/\/blogs.iesoretania.es\/teclastv\/files\/2015\/06\/ComunicadoAdmonEducativaPartic_PremiosNacionales.pdf\">Documento pdf &#8211; Comunicado Admon. Educativa Partic_PremiosNacionales<\/a><\/p>\n<p style=\"text-align: justify\">\n<div class=\"pntrst_main_before_after\"><\/div>","protected":false},"excerpt":{"rendered":"<p>Este es el documento que acredita la comunicaci\u00f3n a la Administraci\u00f3n Educativa pertinente, de la participaci\u00f3n de nuestro Centro en la convocatoria de los Premios Nacionales de Educaci\u00f3n &#8211; convocatoria 2015: Documento pdf &#8211; Comunicado Admon. Educativa Partic_PremiosNacionales<\/p>\n","protected":false},"author":4,"featured_media":0,"parent":0,"menu_order":0,"comment_status":"open","ping_status":"open","template":"","meta":[],"_links":{"self":[{"href":"https:\/\/blogs.iesoretania.es\/teclastv\/wp-json\/wp\/v2\/pages\/43"}],"collection":[{"href":"https:\/\/blogs.iesoretania.es\/teclastv\/wp-json\/wp\/v2\/pages"}],"about":[{"href":"https:\/\/blogs.iesoretania.es\/teclastv\/wp-json\/wp\/v2\/types\/page"}],"author":[{"embeddable":true,"href":"https:\/\/blogs.iesoretania.es\/teclastv\/wp-json\/wp\/v2\/users\/4"}],"replies":[{"embeddable":true,"href":"https:\/\/blogs.iesoretania.es\/teclastv\/wp-json\/wp\/v2\/comments?post=43"}],"version-history":[{"count":1,"href":"https:\/\/blogs.iesoretania.es\/teclastv\/wp-json\/wp\/v2\/pages\/43\/revisions"}],"predecessor-version":[{"id":44,"href":"https:\/\/blogs.iesoretania.es\/teclastv\/wp-json\/wp\/v2\/pages\/43\/revisions\/44"}],"wp:attachment":[{"href":"https:\/\/blogs.iesoretania.es\/teclastv\/wp-json\/wp\/v2\/media?parent=43"}],"curies":[{"name":"wp","href":"https:\/\/api.w.org\/{rel}","templated":true}]}}